{"id":1328,"date":"2024-08-10T15:33:16","date_gmt":"2024-08-10T15:33:16","guid":{"rendered":"https:\/\/olyve.tanshcreative.com\/?page_id=1328"},"modified":"2025-09-29T09:58:51","modified_gmt":"2025-09-29T09:58:51","slug":"espiritualidades","status":"publish","type":"page","link":"https:\/\/maleno.org\/?page_id=1328","title":{"rendered":"Espiritualidades"},"content":{"rendered":"\t\t<div data-elementor-type=\"wp-page\" data-elementor-id=\"1328\" class=\"elementor elementor-1328\" data-elementor-post-type=\"page\">\n\t\t\t\t<section class=\"elementor-element elementor-element-742cd344 e-flex e-con-boxed e-con e-parent\" data-id=\"742cd344\" data-element_type=\"container\">\n\t\t\t\t\t<div class=\"e-con-inner\">\n\t\t<div class=\"elementor-element elementor-element-3fba839b e-con-full e-flex e-con e-child\" data-id=\"3fba839b\" data-element_type=\"container\">\n\t\t<div class=\"elementor-element elementor-element-217d79c2 e-con-full e-flex e-con e-child\" data-id=\"217d79c2\" data-element_type=\"container\" data-settings=\"{&quot;background_background&quot;:&quot;classic&quot;}\">\n\t\t\t\t<div class=\"elementor-element elementor-element-42eb6af9 elementor-align-left elementor-widget elementor-widget-dtr-theme-heading\" data-id=\"42eb6af9\" data-element_type=\"widget\" data-widget_type=\"dtr-theme-heading.default\">\n\t\t\t\t<div class=\"elementor-widget-container\">\n\t\t\t\t\t            <h4 class=\"dtr-heading dtr-heading__default dtr-text--color-three\">Vocaci\u00f3n<\/h4>\r\n    \t\t\t\t<\/div>\n\t\t\t\t<\/div>\n\t\t\t\t<div class=\"elementor-element elementor-element-2ccf2639 elementor-widget elementor-widget-spacer\" data-id=\"2ccf2639\" data-element_type=\"widget\" data-widget_type=\"spacer.default\">\n\t\t\t\t\t\t\t<div class=\"elementor-spacer\">\n\t\t\t<div class=\"elementor-spacer-inner\"><\/div>\n\t\t<\/div>\n\t\t\t\t\t\t<\/div>\n\t\t\t\t<div class=\"elementor-element elementor-element-19d72d00 elementor-widget elementor-widget-wp-widget-nav_menu\" data-id=\"19d72d00\" data-element_type=\"widget\" data-widget_type=\"wp-widget-nav_menu.default\">\n\t\t\t\t<div class=\"elementor-widget-container\">\n\t\t\t\t\t<nav class=\"menu-services-menu-container\" aria-label=\"Men\u00fa\"><ul id=\"menu-services-menu\" class=\"menu\"><li id=\"menu-item-1340\" class=\"menu-item menu-item-type-post_type menu-item-object-page menu-item-1340\"><a href=\"https:\/\/maleno.org\/?page_id=1216\">Transculturalidad<\/a><\/li>\n<li id=\"menu-item-1339\" class=\"menu-item menu-item-type-post_type menu-item-object-page menu-item-1339\"><a href=\"https:\/\/maleno.org\/?page_id=1324\">Tecnolog\u00eda<\/a><\/li>\n<li id=\"menu-item-1338\" class=\"menu-item menu-item-type-post_type menu-item-object-page menu-item-1338\"><a href=\"https:\/\/maleno.org\/?page_id=1328\">Espiritualidades<\/a><\/li>\n<li id=\"menu-item-1337\" class=\"menu-item menu-item-type-post_type menu-item-object-page menu-item-1337\"><a href=\"https:\/\/maleno.org\/?page_id=1332\">Sostenibilidad<\/a><\/li>\n<\/ul><\/nav>\t\t\t\t<\/div>\n\t\t\t\t<\/div>\n\t\t\t\t<\/div>\n\t\t\t\t<\/div>\n\t\t<div class=\"elementor-element elementor-element-5607f442 e-con-full e-flex e-con e-child\" data-id=\"5607f442\" data-element_type=\"container\">\n\t\t\t\t<div class=\"elementor-element elementor-element-7cd92f75 elementor-widget elementor-widget-image\" data-id=\"7cd92f75\" data-element_type=\"widget\" data-widget_type=\"image.default\">\n\t\t\t\t\t\t\t\t\t\t\t\t\t\t\t<img fetchpriority=\"high\" decoding=\"async\" width=\"1226\" height=\"680\" src=\"https:\/\/maleno.org\/wp-content\/uploads\/2025\/09\/Captura-de-pantalla-2025-09-29-a-las-10.18.22.png\" class=\"attachment-full size-full wp-image-2519\" alt=\"\" srcset=\"https:\/\/maleno.org\/wp-content\/uploads\/2025\/09\/Captura-de-pantalla-2025-09-29-a-las-10.18.22.png 1226w, https:\/\/maleno.org\/wp-content\/uploads\/2025\/09\/Captura-de-pantalla-2025-09-29-a-las-10.18.22-300x166.png 300w, https:\/\/maleno.org\/wp-content\/uploads\/2025\/09\/Captura-de-pantalla-2025-09-29-a-las-10.18.22-1024x568.png 1024w, https:\/\/maleno.org\/wp-content\/uploads\/2025\/09\/Captura-de-pantalla-2025-09-29-a-las-10.18.22-768x426.png 768w\" sizes=\"(max-width: 1226px) 100vw, 1226px\" \/>\t\t\t\t\t\t\t\t\t\t\t\t\t\t\t<\/div>\n\t\t\t\t<div class=\"elementor-element elementor-element-3ceb96df elementor-align-left elementor-widget elementor-widget-dtr-theme-heading\" data-id=\"3ceb96df\" data-element_type=\"widget\" data-widget_type=\"dtr-theme-heading.default\">\n\t\t\t\t<div class=\"elementor-widget-container\">\n\t\t\t\t\t            <h3 class=\"dtr-heading dtr-heading__default dtr-text--color-three\">Todas las personas buscan en su interior<\/h3>\r\n    \t\t\t\t<\/div>\n\t\t\t\t<\/div>\n\t\t\t\t<div class=\"elementor-element elementor-element-40894bcc elementor-widget elementor-widget-text-editor\" data-id=\"40894bcc\" data-element_type=\"widget\" data-widget_type=\"text-editor.default\">\n\t\t\t\t\t\t\t\t\t<p>La vida de hoy d\u00eda es <strong>acelerada<\/strong>, llena de pantallas y est\u00edmulos, sentimientos de agotamiento y soledad. El capitalismo materialista nos hace creer que correr y consumir es el \u00fanico camino. Pero desde sus or\u00edgenes, la humanidad ha tenido sed de <strong>sentido vital<\/strong>.\u00a0<\/p><p>Hay infinidad de caminos, religiones y tradiciones espirituales, pero solo una Verdad universal que nos permite jugar, gozar y entusiasmarnos con la vida. Saber parar es el primer paso para encontrarnos y respirar.<\/p>\t\t\t\t\t\t\t\t<\/div>\n\t\t\t\t<div class=\"elementor-element elementor-element-572d42ab elementor-widget elementor-widget-heading\" data-id=\"572d42ab\" data-element_type=\"widget\" data-widget_type=\"heading.default\">\n\t\t\t\t\t<h5 class=\"elementor-heading-title elementor-size-default\">C\u00f3mo trabajo las espiritualidades<\/h5>\t\t\t\t<\/div>\n\t\t\t\t<div class=\"elementor-element elementor-element-ccd4bea elementor-widget elementor-widget-dtr-iconhead\" data-id=\"ccd4bea\" data-element_type=\"widget\" data-widget_type=\"dtr-iconhead.default\">\n\t\t\t\t<div class=\"elementor-widget-container\">\n\t\t\t\t\t        <div class=\"dtr-iconhead dtr-iconhead--align-left dtr-iconhead--style-default  dtr-radius--round\">\r\n        <div class=\"dtr-icon dtr-iconhead__icon\">\r\n                                 <i class=\"icon-send\" aria-hidden=\"true\"><\/i>\r\n                   \r\n            <\/div>\r\n                        \t<p class=\"dtr-iconhead__heading\">Encuentros vivenciales<\/p>\r\n                        <\/div>\r\n\t\t\t\t<\/div>\n\t\t\t\t<\/div>\n\t\t\t\t<div class=\"elementor-element elementor-element-2aabf74d elementor-widget elementor-widget-text-editor\" data-id=\"2aabf74d\" data-element_type=\"widget\" data-widget_type=\"text-editor.default\">\n\t\t\t\t\t\t\t\t\t<p>Desde el\u00a0<strong><a href=\"http:\/\/centropersonayjusticia.es\"><span style=\"text-decoration: underline;\">Centro Persona y Justicia<\/span><\/a><\/strong> organizamos encuentros j\u00f3venes donde cultivamos la interioridad y descubrimos la diversidad de los caminos espirituales. Todo en el maravilloso Geoparque de Granada, donde contamos con una finca de doce hect\u00e1reas, un huerto agroecol\u00f3gico y un camping ecotur\u00edstico a las faldas de Sierra Nevada.<\/p><p>Si eres joven y buscas, no dudes en escribirme al formulario de abajo.<\/p>\t\t\t\t\t\t\t\t<\/div>\n\t\t\t\t<div class=\"elementor-element elementor-element-64060992 elementor-widget elementor-widget-dtr-iconhead\" data-id=\"64060992\" data-element_type=\"widget\" data-widget_type=\"dtr-iconhead.default\">\n\t\t\t\t<div class=\"elementor-widget-container\">\n\t\t\t\t\t        <div class=\"dtr-iconhead dtr-iconhead--align-left dtr-iconhead--style-default  dtr-radius--round\">\r\n        <div class=\"dtr-icon dtr-iconhead__icon\">\r\n                                 <i class=\"icon-chat\" aria-hidden=\"true\"><\/i>\r\n                   \r\n            <\/div>\r\n                        \t<p class=\"dtr-iconhead__heading\">Acompa\u00f1amiento individualizado<\/p>\r\n                        <\/div>\r\n\t\t\t\t<\/div>\n\t\t\t\t<\/div>\n\t\t\t\t<div class=\"elementor-element elementor-element-3da38850 elementor-widget elementor-widget-text-editor\" data-id=\"3da38850\" data-element_type=\"widget\" data-widget_type=\"text-editor.default\">\n\t\t\t\t\t\t\t\t\t<p>En\u00a0<a href=\"http:\/\/transfronteriza.net\/personas\"><span style=\"text-decoration: underline;\"><strong>transfronteriza<\/strong><\/span><\/a> acompa\u00f1amos a personas y comunidades en su Camino interior. Llegar al\u00a0<em>tawhid <\/em><strong>(<\/strong><b class=\"Yjhzub\" data-processed=\"true\">\u062a\u0648\u062d\u064a\u062f)<\/b>, la unidad absoluta del ser, y abrazar todo lo que somos, es el objetivo. Visitanos en\u00a0<a href=\"http:\/\/transfronteriza.net\/personas\"><span style=\"text-decoration: underline;\"><strong>transfronteriza.net<\/strong><\/span>\/<span style=\"text-decoration: underline;\">personas<\/span> <\/a>o escr\u00edbenos en el formulario final.<\/p>\t\t\t\t\t\t\t\t<\/div>\n\t\t\t\t<div class=\"elementor-element elementor-element-13a13de1 elementor-widget elementor-widget-dtr-iconhead\" data-id=\"13a13de1\" data-element_type=\"widget\" data-widget_type=\"dtr-iconhead.default\">\n\t\t\t\t<div class=\"elementor-widget-container\">\n\t\t\t\t\t        <div class=\"dtr-iconhead dtr-iconhead--align-left dtr-iconhead--style-default  dtr-radius--round\">\r\n        <div class=\"dtr-icon dtr-iconhead__icon\">\r\n                                 <i class=\"icon-bullseye\" aria-hidden=\"true\"><\/i>\r\n                   \r\n            <\/div>\r\n                        \t<p class=\"dtr-iconhead__heading\">Comunidad transrreligiosa<\/p>\r\n                        <\/div>\r\n\t\t\t\t<\/div>\n\t\t\t\t<\/div>\n\t\t\t\t<div class=\"elementor-element elementor-element-9a726c4 elementor-widget elementor-widget-text-editor\" data-id=\"9a726c4\" data-element_type=\"widget\" data-widget_type=\"text-editor.default\">\n\t\t\t\t\t\t\t\t\t<p>Si buscas hacer comunidad en la diversidad para escuchar todo lo que el mundo tiene que ofrecernos, escr\u00edbeme para conectarnos \ud83d\ude09<\/p>\t\t\t\t\t\t\t\t<\/div>\n\t\t\t\t<\/div>\n\t\t\t\t\t<\/div>\n\t\t\t\t<\/section>\n\t\t<div class=\"elementor-element elementor-element-b063039 e-flex e-con-boxed e-con e-parent\" data-id=\"b063039\" data-element_type=\"container\">\n\t\t\t\t\t<div class=\"e-con-inner\">\n\t\t<div class=\"elementor-element elementor-element-36cc90a e-con-full e-flex e-con e-child\" data-id=\"36cc90a\" data-element_type=\"container\">\n\t\t\t\t<div class=\"elementor-element elementor-element-8df9722 elementor-widget elementor-widget-spacer\" data-id=\"8df9722\" data-element_type=\"widget\" data-widget_type=\"spacer.default\">\n\t\t\t\t\t\t\t<div class=\"elementor-spacer\">\n\t\t\t<div class=\"elementor-spacer-inner\"><\/div>\n\t\t<\/div>\n\t\t\t\t\t\t<\/div>\n\t\t<div class=\"elementor-element elementor-element-a77333f e-con-full e-flex e-con e-child\" data-id=\"a77333f\" data-element_type=\"container\">\n\t\t\t\t<div class=\"elementor-element elementor-element-7362e1d elementor-align-left elementor-widget elementor-widget-dtr-theme-heading\" data-id=\"7362e1d\" data-element_type=\"widget\" data-widget_type=\"dtr-theme-heading.default\">\n\t\t\t\t<div class=\"elementor-widget-container\">\n\t\t\t\t\t            <h2 class=\"dtr-heading dtr-heading__gradient dtr-text--color-three\">Escucha tu interior.<\/h2>\r\n    \t\t\t\t<\/div>\n\t\t\t\t<\/div>\n\t\t\t\t<div class=\"elementor-element elementor-element-ca0c52e elementor-widget elementor-widget-text-editor\" data-id=\"ca0c52e\" data-element_type=\"widget\" data-widget_type=\"text-editor.default\">\n\t\t\t\t\t\t\t\t\t<p>Recupera el sentido de la espiritualidad en tu d\u00eda a d\u00eda, \u00e1brete a encuentros vivenciales y saborea la paz profunda en comunidad.<\/p>\t\t\t\t\t\t\t\t<\/div>\n\t\t\t\t<div class=\"elementor-element elementor-element-dca752b elementor-widget elementor-widget-dtr-feature\" data-id=\"dca752b\" data-element_type=\"widget\" data-widget_type=\"dtr-feature.default\">\n\t\t\t\t<div class=\"elementor-widget-container\">\n\t\t\t\t\t        <div class=\"dtr-feature  dtr-feature--style-rounded dtr-feature--icon-vert-align-center dtr-feature--text-left dtr-feature--icon-align-left dtr-feature--size-small \">\r\n            <div class=\"dtr-icon dtr-feature__icon\">\r\n                                 <i class=\"icon-envelope\" aria-hidden=\"true\"><\/i>\r\n                   \r\n            <\/div>\r\n                     <div class=\"dtr-feature__content\">\r\n                          <p class=\"dtr-feature__subtext\">Email<\/p>\r\n                                       <h4 class=\"dtr-feature__heading\">shams@maleno.org<\/h4>\r\n                                                    <\/div>\r\n                <\/div>\r\n\t\t\t\t<\/div>\n\t\t\t\t<\/div>\n\t\t\t\t<div class=\"elementor-element elementor-element-e25d75d elementor-widget elementor-widget-dtr-feature\" data-id=\"e25d75d\" data-element_type=\"widget\" data-widget_type=\"dtr-feature.default\">\n\t\t\t\t<div class=\"elementor-widget-container\">\n\t\t\t\t\t        <div class=\"dtr-feature  dtr-feature--style-rounded dtr-feature--icon-vert-align-center dtr-feature--text-left dtr-feature--icon-align-left dtr-feature--size-small \">\r\n            <div class=\"dtr-icon dtr-feature__icon\">\r\n                                 <i class=\"icon-chat\" aria-hidden=\"true\"><\/i>\r\n                   \r\n            <\/div>\r\n                     <div class=\"dtr-feature__content\">\r\n                          <p class=\"dtr-feature__subtext\">Instagram<\/p>\r\n                                       <h4 class=\"dtr-feature__heading\">@shamstanjaoui<\/h4>\r\n                                                    <\/div>\r\n                <\/div>\r\n\t\t\t\t<\/div>\n\t\t\t\t<\/div>\n\t\t\t\t<div class=\"elementor-element elementor-element-a6b90b2 elementor-widget elementor-widget-dtr-feature\" data-id=\"a6b90b2\" data-element_type=\"widget\" data-widget_type=\"dtr-feature.default\">\n\t\t\t\t<div class=\"elementor-widget-container\">\n\t\t\t\t\t        <div class=\"dtr-feature  dtr-feature--style-rounded dtr-feature--icon-vert-align-top dtr-feature--text-left dtr-feature--icon-align-left dtr-feature--size-small \">\r\n            <div class=\"dtr-icon dtr-feature__icon\">\r\n                                 <i class=\"icon-geo-alt\" aria-hidden=\"true\"><\/i>\r\n                   \r\n            <\/div>\r\n                     <div class=\"dtr-feature__content\">\r\n                          <p class=\"dtr-feature__subtext\">Direcci\u00f3n<\/p>\r\n                                       <h4 class=\"dtr-feature__heading\">Estrecho de Gibraltar<\/h4>\r\n                                                    <\/div>\r\n                <\/div>\r\n\t\t\t\t<\/div>\n\t\t\t\t<\/div>\n\t\t\t\t<\/div>\n\t\t\t\t<\/div>\n\t\t<div class=\"elementor-element elementor-element-aaf11f5 e-con-full e-flex e-con e-child\" data-id=\"aaf11f5\" data-element_type=\"container\">\n\t\t<div class=\"elementor-element elementor-element-d172a90 e-con-full e-flex e-con e-child\" data-id=\"d172a90\" data-element_type=\"container\" data-settings=\"{&quot;background_background&quot;:&quot;classic&quot;}\">\n\t\t\t\t<div class=\"elementor-element elementor-element-c2b01d4 elementor-widget elementor-widget-shortcode\" data-id=\"c2b01d4\" data-element_type=\"widget\" data-widget_type=\"shortcode.default\">\n\t\t\t\t\t\t\t<div class=\"elementor-shortcode\">\n<div class=\"wpcf7 no-js\" id=\"wpcf7-f2221-o1\" lang=\"en-US\" dir=\"ltr\" data-wpcf7-id=\"2221\">\n<div class=\"screen-reader-response\"><p role=\"status\" aria-live=\"polite\" aria-atomic=\"true\"><\/p> <ul><\/ul><\/div>\n<form action=\"\/index.php?rest_route=%2Fwp%2Fv2%2Fpages%2F1328#wpcf7-f2221-o1\" method=\"post\" class=\"wpcf7-form init\" aria-label=\"Contact form\" novalidate=\"novalidate\" data-status=\"init\">\n<fieldset class=\"hidden-fields-container\"><input type=\"hidden\" name=\"_wpcf7\" value=\"2221\" \/><input type=\"hidden\" name=\"_wpcf7_version\" value=\"6.1.3\" \/><input type=\"hidden\" name=\"_wpcf7_locale\" value=\"en_US\" \/><input type=\"hidden\" name=\"_wpcf7_unit_tag\" value=\"wpcf7-f2221-o1\" \/><input type=\"hidden\" name=\"_wpcf7_container_post\" value=\"0\" \/><input type=\"hidden\" name=\"_wpcf7_posted_data_hash\" value=\"\" \/>\n<\/fieldset>\n<div>\n\t<p><label> <span class=\"wpcf7-form-control-wrap\" data-name=\"your-name\"><input size=\"40\" maxlength=\"400\" class=\"wpcf7-form-control wpcf7-text wpcf7-validates-as-required\" aria-required=\"true\" aria-invalid=\"false\" placeholder=\"Nombre\" value=\"\" type=\"text\" name=\"your-name\" \/><\/span> <\/label><br \/>\n<label> <span class=\"wpcf7-form-control-wrap\" data-name=\"your-email\"><input size=\"40\" maxlength=\"400\" class=\"wpcf7-form-control wpcf7-email wpcf7-validates-as-required wpcf7-text wpcf7-validates-as-email\" aria-required=\"true\" aria-invalid=\"false\" placeholder=\"hola@ejemplo.com\" value=\"\" type=\"email\" name=\"your-email\" \/><\/span> <\/label><br \/>\n<label> <span class=\"wpcf7-form-control-wrap\" data-name=\"your-subject\"><input size=\"40\" maxlength=\"400\" class=\"wpcf7-form-control wpcf7-text wpcf7-validates-as-required\" aria-required=\"true\" aria-invalid=\"false\" placeholder=\"Asunto\" value=\"\" type=\"text\" name=\"your-subject\" \/><\/span> <\/label><br \/>\n<label> <span class=\"wpcf7-form-control-wrap\" data-name=\"your-message\"><textarea cols=\"10\" rows=\"5\" maxlength=\"2000\" class=\"wpcf7-form-control wpcf7-textarea\" aria-invalid=\"false\" placeholder=\"Mensaje...\" name=\"your-message\"><\/textarea><\/span> <\/label><br \/>\n<span class=\"spacer-20\"><\/span>\n\t<\/p>\n\t<p><button type=\"submit\" class=\"dtr-btn\" aria-label=\"Send Button\">Enviar mensaje<\/button>\n\t<\/p>\n<\/div><div class=\"wpcf7-response-output\" aria-hidden=\"true\"><\/div>\n<\/form>\n<\/div>\n<\/div>\n\t\t\t\t\t\t<\/div>\n\t\t\t\t<\/div>\n\t\t\t\t<\/div>\n\t\t\t\t\t<\/div>\n\t\t\t\t<\/div>\n\t\t\t\t<\/div>\n\t\t","protected":false},"excerpt":{"rendered":"<p>Vocaci\u00f3n Todas las personas buscan en su interior La vida de hoy d\u00eda es acelerada, llena de pantallas y est\u00edmulos, sentimientos de agotamiento y soledad. El capitalismo materialista nos hace creer que correr y consumir es el \u00fanico camino. Pero desde sus or\u00edgenes, la humanidad ha tenido sed de sentido vital.\u00a0 Hay infinidad de caminos, [&hellip;]<\/p>\n","protected":false},"author":1,"featured_media":0,"parent":0,"menu_order":0,"comment_status":"closed","ping_status":"closed","template":"","meta":{"_monsterinsights_skip_tracking":false,"_monsterinsights_sitenote_active":false,"_monsterinsights_sitenote_note":"","_monsterinsights_sitenote_category":0,"footnotes":""},"class_list":["post-1328","page","type-page","status-publish","hentry"],"aioseo_notices":[],"_links":{"self":[{"href":"https:\/\/maleno.org\/index.php?rest_route=\/wp\/v2\/pages\/1328","targetHints":{"allow":["GET"]}}],"collection":[{"href":"https:\/\/maleno.org\/index.php?rest_route=\/wp\/v2\/pages"}],"about":[{"href":"https:\/\/maleno.org\/index.php?rest_route=\/wp\/v2\/types\/page"}],"author":[{"embeddable":true,"href":"https:\/\/maleno.org\/index.php?rest_route=\/wp\/v2\/users\/1"}],"replies":[{"embeddable":true,"href":"https:\/\/maleno.org\/index.php?rest_route=%2Fwp%2Fv2%2Fcomments&post=1328"}],"version-history":[{"count":16,"href":"https:\/\/maleno.org\/index.php?rest_route=\/wp\/v2\/pages\/1328\/revisions"}],"predecessor-version":[{"id":2526,"href":"https:\/\/maleno.org\/index.php?rest_route=\/wp\/v2\/pages\/1328\/revisions\/2526"}],"wp:attachment":[{"href":"https:\/\/maleno.org\/index.php?rest_route=%2Fwp%2Fv2%2Fmedia&parent=1328"}],"curies":[{"name":"wp","href":"https:\/\/api.w.org\/{rel}","templated":true}]}}